?
260
What is the remainder when 982 is divided by 23?
16
What is the remainder when 429 is divided by 40?
29
Calculate the remainder when 79 is divided by 31.
17
What is the remainder when 123 is divided by 86?
37
What is the remainder when 1709 is divided by 38?
37
What is the remainder when 591 is divided by 41?
17
Calculate the remainder when 1291 is divided by 19.
18
Calculate the remainder when 723 is divided by 117.
21
Calculate the remainder when 165 is divided by 80.
5
Calculate the remainder when 149 is divided by 82.
67
Calculate the remainder when 3470 is divided by 151.
148
What is the remainder when 85 is divided by 43?
42
What is the remainder when 222 is divided by 38?
32
What is the remainder when 161 is divided by 25?
11
What is the remainder when 29 is divided by 17?
12
Calculate the remainder when 609 is divided by 9.
6
Calculate the remainder when 70 is divided by 14.
0
Calculate the remainder when 156 is divided by 16.
12
What is the remainder when 384 is divided by 35?
34
Calculate the remainder when 3857 is divided by 11.
7
Calculate the remainder when 251 is divided by 166.
85
What is the remainder when 94 is divided by 19?
18
What is the remainder when 916 is divided by 17?
15
Calculate the remainder when 1229 is divided by 41.
40
Calculate the remainder when 586 is divided by 11.
3
Calculate the remainder when 2232 is divided by 11.
10
What is the remainder when 86 is divided by 70?
16
Calculate the remainder when 2611 is divided by 24.
19
Calculate the remainder when 709 is divided by 29.
13
What is the remainder when 4556 is divided by 30?
26
What is the remainder when 1489 is divided by 360?
49
Calculate the remainder when 393 is divided by 118.
39
Calculate the remainder when 276 is divided by 149.
127
Calculate the remainder when 154 is divided by 26.
24
What is the remainder when 6994 is divided by 4?
2
Calculate the remainder when 916 is divided by 226.
12
What is the remainder when 787 is divided by 79?
76
What is the remainder when 631 is divided by 128?
119
Calculate the remainder when 387 is divided by 374.
13
Calculate the remainder when 34 is divided by 13.
8
Calculate the remainder when 358 is divided by 60.
58
What is the remainder when 102 is divided by 6?
0
Calculate the remainder when 342 is divided by 86.
84
What is the remainder when 139 is divided by 28?
27
Calculate the remainder when 1056 is divided by 350.
6
Calculate the remainder when 131 is divided by 27.
23
Calculate the remainder when 175 is divided by 39.
19
What is the remainder when 1181 is divided by 235?
6
What is the remainder when 3840 is divided by 479?
8
What is the remainder when 123 is divided by 4?
3
Calculate the remainder when 290 is divided by 132.
26
What is the remainder when 120 is divided by 21?
15
What is the remainder when 303 is divided by 62?
55
Calculate the remainder when 8897 is divided by 10.
7
Calculate the remainder when 33 is divided by 13.
7
Calculate the remainder when 39 is divided by 24.
15
What is the remainder when 307 is divided by 14?
13
What is the remainder when 162 is divided by 33?
30
What is the remainder when 6619 is divided by 207?
202
Calculate the remainder when 496 is divided by 10.
6
Calculate the remainder when 30 is divided by 19.
11
Calculate the remainder when 22 is divided by 13.
9
Calculate the remainder when 9732 is divided by 295.
292
Calculate the remainder when 6450 is divided by 1609.
14
What is the remainder when 262 is divided by 41?
16
What is the remainder when 510 is divided by 75?
60
What is the remainder when 7951 is divided by 39?
34
Calculate the remainder when 1043 is divided by 54.
17
What is the remainder when 418 is divided by 86?
74
Calculate the remainder when 664 is divided by 78.
40
Calculate the remainder when 3935 is divided by 59.
41
What is the remainder when 59 is divided by 21?
17
Calculate the remainder when 508 is divided by 116.
44
Calculate the remainder when 247 is divided by 149.
98
Calculate the remainder when 2295 is divided by 5.
0
Calculate the remainder when 260 is divided by 73.
41
What is the remainder when 50 is divided by 1?
0
Calculate the remainder when 1435 is divided by 96.
91
Calculate the remainder when 225 is divided by 152.
73
What is the remainder when 23 is divided by 8?
7
What is the remainder when 4857 is divided by 2427?
3
Calculate the remainder when 112 is divided by 34.
10
Calculate the remainder when 448 is divided by 443.
5
What is the remainder when 688 is divided by 35?
23
Calculate the remainder when 162 is divided by 43.
33
Calculate the remainder when 660 is divided by 13.
10
What is the remainder when 3316 is divided by 9?
4
What is the remainder when 7180 is divided by 38?
36
Calculate the remainder when 246 is divided by 89.
68
What is the remainder when 4463 is divided by 72?
71
Calculate the remainder when 5809 is divided by 135.
4
Calculate the remainder when 2105 is divided by 22.
15
What is the remainder when 1035 is divided by 61?
59
Calculate the remainder when 365 is divided by 36.
5
Calculate the remainder when 228 is divided by 46.
44
Calculate the remainder when 547 is divided by 36.
7
Calculate the remainder when 127 is divided by 41.
4
What is the remainder when 280 is divided by 55?
5
What is the remainder when 1032 is divided by 146?
10
Calculate the remainder when 39 is divided by 13.
0
What is the remainder when 149 is divided by 41?
26
What is the remainder when 83 is divided by 23?
14
Calculate the remainder when 781 is divided by 87.
85
What is the remainder when 180 is divided by 160?
20
What is the remainder when 5687 is divided by 44?
11
Calculate the remainder when 116 is divided by 41.
34
Calculate the remainder when 23 is divided by 21.
2
Calculate the remainder when 1637 is divided by 13.
12
Calculate the remainder when 76 is divided by 42.
34
Calculate the remainder when 55 is divided by 10.
5
Calculate the remainder when 462 is divided by 118.
108
Calculate the remainder when 462 is divided by 19.
6
What is the remainder when 175 is divided by 16?
15
What is the remainder when 48 is divided by 45?
3
Calculate the remainder when 494 is divided by 101.
90
What is the remainder when 53 is divided by 20?
13
Calculate the remainder when 395 is divided by 21.
17
What is the remainder when 200 is divided by 13?
5
What is the remainder when 896 is divided by 29?
26
What is the remainder when 215 is divided by 2?
1
Calculate the remainder when 78 is divided by 27.
24
Calculate the remainder when 628 is divided by 43.
26
What is the remainder when 927 is divided by 116?
115
What is the remainder when 152 is divided by 70?
12
What is the remainder when 29 is divided by 21?
8
Calculate the remainder when 1259 is divided by 78.
11
What is the remainder when 370 is divided by 90?
10
What is the remainder when 9635 is divided by 46?
21
Calculate the remainder when 356 is divided by 8.
4
What is the remainder when 1041 is divided by 178?
151
Calculate the remainder when 11 is divided by 1.
0
What is the remainder when 420 is divided by 25?
20
Calculate the remainder when 11 is divided by 8.
3
What is the remainder when 614 is divided by 8?
6
What is the remainder when 7764 is divided by 9?
6
What is the remainder when 8049 is divided by 10?
9
Calculate the remainder when 31 is divided by 31.
0
What is the remainder when 1312 is divided by 434?
10
What is the remainder when 343 is divided by 200?
143
What is the remainder when 359 is divided by 36?
35
Calculate the remainder when 1309 is divided by 204.
85
Calculate the remainder when 3377 is divided by 26.
23
Calculate the remainder when 3263 is divided by 86.
81
What is the remainder when 761 is divided by 112?
89
What is the remainder when 5558 is divided by 20?
18
Calculate the remainder when 387 is divided by 47.
11
What is the remainder when 384 is divided by 17?
10
What is the remainder when 833 is divided by 410?
13
Calculate the remainder when 2053 is divided by 49.
44
What is the remainder when 59 is divided by 32?
27
What is the remainder when 35 is divided by 5?
0
Calculate the remainder when 77 is divided by 42.
35
Calculate the remainder when 336 is divided by 20.
16
Calculate the remainder when 1666 is divided by 71.
33
Calculate the r